)?
-48
Evaluate -1 + 50 - ((38 - 3) + -24 + 1).
37
What is -40 + 21 + 5 + 23?
9
4 + (-81 - (-136 + 64))
-5
Calculate 15 - (-11 + (-16 - -23 - -9 - 4)).
14
-6 + (48 - 35 - 83)
-76
What is -17 + (17 - -27) + (-7 - 1) + -15?
4
2 - -3 - (-19 + (-5 - -10) + 10 - -62)
-53
What is the value of (33 - 0) + -4 - -35?
64
Calculate -9 - (7 + 66 + 16 + 2 - 23).
-77
-45 - ((-132 - -55) + 13)
19
What is -7 + (-8 - 4) + 19 + -3 + -21 + 1?
-23
What is 45 + (-2 + 17 + -18 + (-11 - -22) - 12)?
41
What is the value of 4 + -15 + -2 - (46 + -21)?
-38
Evaluate (64 - 1) + (-254 - -216).
25
Calculate -19 - (-2 - -3 - (41 - (23 + 30))) - -7.
-25
What is the value of (-2 + -2 - (21 + -20)) + (-80 - -126)?
41
Calculate -2 - -44 - (27 + (30 - 24) + -15 - 24).
48
Evaluate (21 - (3 - -11)) + -13 + 5.
-1
What is (0 - 14) + (30 - (-5 + 34)) + 73?
60
What is (8 - 6) + -3 + (-29 - 7) + -3?
-40
Calculate 80 + -14 + -41 - -53.
78
What is (-25 - -25 - (-3 - 1)) + -6 + -7?
-9
Calculate -42 - (3 - 2) - (-3 + 4 - (-364 + 360)).
-48
69 + (-128 + 114 - 3)
52
Evaluate -5 + -48 + (-7 + 38 - 32).
-54
-86 + 59 + -27 + 102
48
-8 - -17 - 13 - -6 - -4 - (-59 + 124)
-59
-11 + 6 + 106 + (-22 - -31) + -7 + -6
97
What is the value of (-85 - -4) + 4 + (-7 - (-5 - 21) - 10)?
-68
What is 2 + 5 + (-111 - (10 - (7 + 4)))?
-103
What is the value of 84 + (-8 + -1 - (492 + -489))?
72
What is -81 + 88 - ((11 - 17) + (16 - 1))?
-2
Evaluate 26 + -53 + 19 + 27 - 89.
-70
What is -18 + 40 + -3 + -16 - -19?
22
Calculate -1900 + 1895 + (0 - 20 - 2).
-27
What is the value of -538 - -268 - -291 - (0 + -19)?
40
Evaluate -3 + 1 + (19 - 6) + 20.
31
Evaluate -13 - (-4 - 27) - (0 - (-112 - 8)).
-102
What is 205 + -208 + -5 + -3?
-11
(-110 - -113) + 3 + (-2 - -43 - (7 + -2))
42
Calculate 0 + 8 - (14 - 4) - -1 - 60.
-61
What is the value of -61 + (-49 - -55) - (-4 - 3)?
-48
Calculate 40 - (13 - ((12 - -3) + -5)) - 7.
30
Evaluate -7 + 1 - ((-1156 - -1054) + 1 + 17).
78
Calculate -74 - (6 + -113 + 45).
-12
Calculate -113 - -73 - -53 - (0 + -2 + -18).
33
(83 + (31 - 36) - 14) + -4
60
What is 90 + -16 + (114 - 115)?
73
What is the value of 1 + 12 + (20 - 14) + 22?
41
Evaluate -26 + (-9 - 3) + 11 + -9 + 1.
-35
Evaluate (0 + 5 - -6) + (-78 - (-41 + 25 - -15)).
-66
What is the value of (-19 + 16 + -8 - (-86 - 8)) + (2 - 11)?
74
Evaluate 67 + 9 + -17 + -10 - 1.
48
(4 - -83) + (43 + -109 - -65)
86
What is the value of 100 - (-87 + 39 + 157)?
-9
Calculate -9 + (25 - (-10 - -15) - 21).
-10
Evaluate 8 - ((7 - (5 + -1 - 13)) + -4) - 21.
-25
71 + (42 - (-18 + 192))
-61
-3 + 9 + 26 + (-111 - -110)
31
What is 22 - (76 + -36 + 20 - 16)?
-22
What is 21 + (42 - (15 + 19 + -10))?
39
What is 39 + -78 + 14 - -100?
75
What is -10 - ((-159 - -2) + -3 - (-7 + 71 + -74))?
140
Calculate (1 - ((6 - -14) + 56)) + 27.
-48
What is (-279 - -272) + (-2 - (-3 + (0 - -5))) - -62?
51
Evaluate -5 + (7 - -3) + (-14 + 4 - -56).
51
Calculate -2 - ((-1 - -4) + -5 + 80 + -68) - -87.
75
Evaluate 940 + -1044 + (1 - 0 - -14) + (-1 - -5).
-85
Calculate 937 - 937 - (90 + -16 - (8 + (2 - 5))).
-69
Evaluate (-97 + 52 - -42 - -12) + (-1 - 0 - -5).
13
What is -5 - -46 - -3 - (-24 - (19 + -32))?
55
Evaluate 14 + -19 + -5 + 37 + -23.
4
What is (42 - 28) + (34 - -20)?
68
Calculate 1 + 6 - (1136 + -1191).
62
Evaluate 103 - 140 - ((19 - 11) + -9).
-36
Evaluate (-1 - (-1 + (-1 - 1))) + (-367 - (-554 - -115)).
74
29 + 19 + -38 - -2
12
What is the value of (-7 + (-3 - -2) - (0 - (-3 + 6))) + 47?
42
Evaluate (18 - -21 - 64) + 50.
25
What is the value of 78 + -3 - (-241 - -276)?
40
Calculate 8 + 1 + -40 + (23 - -26).
18
Calculate -30 + (-59 - -92) - 17.
-14
What is the value of (-111 - -27 - -108) + 54?
78
What is the value of -91 - -21 - -39 - -32?
1
Evaluate 0 + 46 - (-133 + 204).
-25
Evaluate 17 + (6 - (10 + -5)) + -8 - (-28 - -79).
-41
-514 - -466 - (-42 + 26)
-32
Calculate -2 + -73 - (43 + -55 - (-14 + -12)).
-89
Evaluate -4 - (-8 + -3) - (469 + -445 - (-1 - 55)).
-73
Calculate -100 + 51 - (4 + -8 + (0 - 2)).
-43
Evaluate -60 + -14 + 16 + 93.
35
What is -72 - (49 + (24 - 62) + (1 + -4 - 8))?
-72
Calculate (-92 - (-1 + -179)) + -122.
-34
What is the value of -45 - (-53 + 3 + (143 - 108))?
-30
What is the value of -7 + -35 - (135 + -422 - -102)?
143
(1 + 0 - 23) + 1774 + -1712 - (16 - 2)
26
What is (-3924 - -3996) + -2 + -11?
59
What is the value of 819 + -785 + -4 + (-117 - -4)?
-83
-3 + -14 - (-7 + 7 + -3 - -8)
-22
Evaluate 3 + -18 + (7 + -9 - -4) + 12 + 6.
5
What is (-21 - 52 - -19) + 29?
-25
7 - ((86 - 125) + (-4 - (-5 + 4)) + 9)
40
Calculate (-9 - -36) + -43 + 17 - -53.
54
1159 + -1172 + (-2 - -39)
24
Evaluate -46 - (-18 - (-7 + 23)).
-12
What is the value of (-95 - 0) + -135 + 199?
-31
Calculate (-16 - -5) + 4 - (-30 + 17 + 12 + -29).
23
What is the value of (-13 - (29 - -38)) + 29?
-51
What is 36 - (10 + 2 + (-31 - (7 + -18)))?
44
What is 115 - (146 - 11 - 66)?
46
What is (2 - ((-90 - -3) + 6)) + 7 - -15?
105
Calculate (1 - -8 - (16 - 9)) + 35 + -31.
6
Evaluate 1 + (-2 + (-20 - -53) - (20 + 0)).
12
What is the value of (-360 - -486) + (-1 - -21) + (3 - 9)?
140
What is (6 - 35) + (-11 + (16 - (-6 - 0)) - 8)?
-26
What is the value of (-13 - -64) + -54 - (-15 - (3 + (-3 - -1)))?
13
Calculate 22 - ((-80 - -154) + 26).
-78
What is -68 + (48 - (-69 + 50))?
-1
-16 + (9 - 7 - -18) + -33
-29
5 + -8 + (29 - 59) + 52
19
Evaluate -7 + (30 - (13 + -18 + -10)) - -9.
47
(-218 - (-33 - 3)) + 81
-101
What is the value of (207 - 215) + -4 + -2?
-14
-2 + 0 - (5 - 3) - ((2 - -46) + -76)
24
What is (-234 - -80) + 59 - ((16 - 6) + 2 - -3)?
-110
Calculate (0 - -10) + (-5 - (-56 - 38 - -38)).
61
Calculate (-53 - -68) + 10 + -35 - (-37 - 0).
27
-6 + 4 + 0 + -4 + -1 + (110 - 85)
18
Evaluate 1 + -18 + (-16 - 14 - (-18 - -35)).
-64
What is the value of 23 - (-13 - (20 + 8 + -86))?
-22
Calculate 2 + 24 + -2 + 4244 + -4205.
63
Calculate -15 + -36 + 44 + -4.
-11
What is -46 + (-30 + -17 - -31)?
-62
17 + (3 - 39 - (5 - -4))
-28
(-3 - 77) + (1956 - 1897)
-21
Calculate -3 + 29 - (-60 - (-203 - -16)).
-101
What is the value of -48 + 38 + -116 + 140?
14
What is -82 - (-101 + 45) - -18?
-8
(74 - 57 - (100 + -6)) + (12 - (0 - -3))
-68
What is -55 + (4 - 7) - (11 - (20 + (0 - -2)))?
-47
Evaluate -48 - 2 - (-3 - ((7 - (15 - 1)) + 5)).
-49
(-574 - -567) + (23 - -3) - (0 + -2 + -10)
31
-1 - (-3 + 1) - (2 + (-51 - (-10 + -4)))
36
Calculate 546 - 582 - (0 + 19).
-55
What is the value of -8 - -28 - 7 - 27 - (-98 - 2)?
86
Calculate -1 - (76 + -45 + -28).
-4
2 - (-1 + 48) - ((11 - (6 + 16)) + 14)
-48
Calculate 32 + 6 + -3 + (15 - 12).
38
What is the value of (-3 - (-9 - -27)) + -19 + 5 + 9?
-26
What is (9 - (82 + -32)) + -6?
-47
0 + (-13 - -10 - -130) - ((8 - 9) + -6)
134
What is (16 - (41 + -29) - (1 - -1) - -1) + -44?
-41
What is the value of 44 - (-1 + -5 + -8 + 20)?
38
Calculate 7 - (-52 + -1 - 6).
66
Calculate -2 + -1 + 1 + -1 + (-71 - (-146 + -40)).
112
What is 655 + -617 + (-5 - (3 - 18))?
48
29 - (63 - 129) - 31
64
Evaluate (-2 - (2 - -6)) + (-11 - -65) - -11.
55
Calculate (-17 - 5) + 36 + -18 + 19.
15
(1 - -1 - -35) + (7 - 2) + 4 + -4
42
What is (-61 - -51) + 4 + (2 - (-1 + 66)) + -1?
-70
(-53 - -38) + -1 + 14 - 73
-75
What is 50 + -8 + -5 + 18 + -51 + 28?
32
Calculate -1 - 10 - (-153 - -144) - (31 - -19).
-52
Calculate (60 - 118) + 31 + 46.
19
Calculate 10 - (-1 + -2 - -28 - (-3 - 6 - 0)).
-24
63 + -106 + 4 + 1 + 9 - -2
-27
1 - 2 - -107 - (8 - (-3 - 9))
86
(-30 - -11 - -78) + (0 - 5) + -3
51
11 + -4 + -82 + (16 - 5 - 20) + 22
-62
What is the value of -625 - -623 - ((-4 - -4) + (0 - (0 + 25)))?
23
Evaluate -94 - (0 - ((-4 - -16) + -8 - -8)).
-82
What is the value of -11794 + 11711 - (-1 - 56)?
-26
What is the value of 13 + (12 - -2) - ((7 - 60) + 28)?
52
What is 50 + -48 + (-2 - -28)?
28
What is the value of (-98 - 0) + (32 - (98 + -38 - 44))?
-82
What is 75 + -144 + 59 + -67?
-77
What is 59 - (7 - (119 + -286))?
-115
(11 - -5) + (39 - (6 - 55))
104
Evaluate (-18 - (-58 + 35)) + -62.
-57
(-52 + -5 - -22) + -26 + 29
-32
Calculate -48 + 17 + 115 + 26 + 20.
130
What is the value of 820 + -815 - (3 + -8 + -34)?
44
What is -73 + (33 - (-34 - -4 - -45))?
-55
Evaluate -20 - (70 + -192 + 19).
83
Evaluate -97 + (-39 - -190) + 45.
99
Evaluate (112 - 131) + 2 + -18 + (-4 - -4) + -1.
-36
Evaluate 238 + -276 - (-151